).
-38
Let u(q) = 6*q + 4*q - 13*q - 5 - 2*q. Suppose -5*i - 8 = 12. Give u(i).
15
Let t(d) be the second derivative of d**4/12 - 7*d**3/6 + 3*d**2 - 2*d - 175. Calculate t(4).
-6
Let y be 8/44 - (-26)/(-22). Let b(g) be the third derivative of -1/60*g**6 - 1/24*g**4 + g**2 - 1/6*g**3 + 0*g + 0 - 1/60*g**5. Calculate b(y).
1
Let g(k) be the second derivative of -k**4/12 + 13*k**3/6 + 4*k**2 + 20*k. Determine g(14).
-6
Suppose -8*u + 26 = 50. Let f(b) = 7*b - 1. What is f(u)?
-22
Suppose 27*o + 4 = 28*o. Let m(g) = o - 4 + g**3 + g - 2*g - 2*g**2 - 2. Let y = 35 + -32. Determine m(y).
4
Let v(m) be the first derivative of -m**2/2 + 2*m + 200. What is v(-7)?
9
Suppose 0 = 2*r - 0*r - 14. Let a(k) = 11*k - 2. Let u(d) = -9*d + 2. Let p(i) = 5*a(i) + 6*u(i). Give p(r).
9
Let g be (-4)/6 + (-2 - (-8)/3). Let w be -3 + g + (-3 - (3 + -9)). Let a(k) = k - 5. Give a(w).
-5
Let g(j) = 0 + 3 + 2*j + 4*j**2 - 2. Let b be (1/(-4)*-4)/(-1). Calculate g(b).
3
Let q be ((-96)/42)/(36/(-28) + 1). Let x(s) = -2*s - 7. Give x(q).
-23
Suppose -5*s = -7*s - 24. Suppose 4*y = -3*v - 28, 3*y - 26 = 3*v + 5*y. Let b be (6/v)/(3/s). Let n(i) = i**2 - 1. Give n(b).
8
Let f(h) be the second derivative of h**5/20 + h**4/3 + h**3/2 + h**2 - 16*h. Let s(b) = b**3 + 6*b**2 + 7*b + 7. Let g be s(-5). Give f(g).
2
Let p = 46 - 42. Let h(t) = -t + 4. Determine h(p).
0
Let h(y) = 0*y**2 + 10799 - 5*y**2 - 10802 - y**2 + 2*y**2 + y**3. Let n(k) = k**3 - 4*k**2 + 3*k + 4. Let i = -4 - -7. Let f be n(i). Calculate h(f).
-3
Let q(n) = 3*n**2 + 3*n + 15. Let a be q(-4). Suppose -63 = -19*c + a. Let r(d) = d**3 - 5*d**2 - 6*d. What is r(c)?
0
Suppose 0*h = 3*c + h - 4, 0 = 5*c + 2*h - 7. Let g(r) = r**2 - r. Let n(q) = -3*q**2 - 5*q - 4. Let k(v) = c*n(v) + 2*g(v). Determine k(-6).
2
Let t(p) be the first derivative of 7/3*p**3 + 18 + 1/4*p**4 + 4*p + 7/2*p**2. What is t(-6)?
-2
Let m(z) be the third derivative of -z**6/120 - 3*z**5/20 - 5*z**4/8 - 2*z**3/3 + 53*z**2 - 2. Give m(-7).
3
Let d(k) be the second derivative of k**4/12 - k**3/6 + k**2/2 + k. Let p(u) = u**3 + 11*u**2 + 17*u - 8. Let g be p(-9). Give d(g).
1
Let p(x) = -12*x**2 - 2*x - 1. Suppose -17 = -3*f - 20. Give p(f).
-11
Let a(v) = -2*v**2 - 2*v + 1. Let h be a(1). Let x(p) = p**3 + 5*p**2 + 4*p + 2. Let s be x(-4). Let k = s + h. Let y(z) = 4*z**3 - z**2 - z - 1. Give y(k).
-5
Let w(f) = f**2 + 4*f + 3. Let k = -105 - -101. Give w(k).
3
Let i = -21 - -22. Let x(y) = 2*y + i + 0 + 0*y. What is x(3)?
7
Let a = 5 + -2. Let v(z) = -4 + 0*z - 12*z**2 + z + a. Let h be 22/26 - 5/((-845)/26). Give v(h).
-12
Suppose o - 2 = -1. Let y(g) = -2*g - g**2 + 0 + o + 3*g + 5*g. Determine y(7).
-6
Let m(f) = -3*f - 1. Let s be m(-2). Let l = -3 + 5. Let o(u) = u**2 - 3 - 5*u**l + 3*u**2 + 5*u. Determine o(s).
-3
Let p be -1 - (-3 - 4/(-2)). Suppose 35 = -5*l - p. Let m(f) = -f**2 - 8*f + 2. Determine m(l).
9
Let f(k) = k**3 - k**2 - 1. Suppose 5*a = -1 - 4. Let r(v) = 6*v**3 - v**2 + 2*v + 1. Let j(d) = a*r(d) + 5*f(d). Calculate j(-4).
2
Let w = 5 + 10. Suppose 0 = 18*z - w*z. Let q(f) = 2*f - 3*f + z*f + 4*f. Calculate q(1).
3
Let d(h) = -9*h - 6. Let w = -1417 + 1417. Calculate d(w).
-6
Suppose -y - 12 = -4*y - 3*t, 28 = 4*y + t. Suppose 4*o - y = 5*v + 2, -4*v + 33 = 5*o. Let x = v - -2. Let k(z) = -z**3 + 3*z**2 + 6*z - 4. What is k(x)?
4
Let c = 37 + -27. Let l(o) = c - 2*o - 8 + 14 + o. What is l(0)?
16
Suppose 4*a = -10*a - 1596. Let l be (a/95)/((-4)/30). Let i(y) = y**3 - 10*y**2 + 7*y + 10. Give i(l).
-8
Let a(f) = -f**2 - 8*f + 6. Suppose -k - 3*k = -2*i, 16 = -4*i + 4*k. Determine a(i).
6
Let k(n) = 8*n**2 + 3*n + 4. Let f(d) = 7*d**2 + 2*d + 3. Let z(c) = -4*f(c) + 3*k(c). Let v(y) = 474*y + 1. Let s be v(0). What is z(s)?
-3
Let i be ((-5 - 0) + 2)*(-10 + 8). Let f(m) = m**3 - 6*m**2 + m + 3. Calculate f(i).
9
Let f(l) = -l**2 - 8*l - 5. Let r be f(-7). Let g(k) = -k**2 - 5 - k**2 + 4*k + k**r. Let q(m) = -m**2 + 4*m - 6. Let x(i) = 5*g(i) - 4*q(i). What is x(3)?
2
Suppose 4*f = -2*p + 14, 28*f - 5 = 24*f + p. Let w(k) = f - 3 - 4*k + k**2 + 3*k**2 + 2*k. Let u(a) = -a**3 + 3*a**2 - 3*a + 1. Let r be u(2). What is w(r)?
5
Let b(n) = -2*n**2 - 9*n. Suppose -5*t + 23 = -x, -x + 2*x + 15 = 3*t. Let i(k) = 5*k**2 + 18*k + 1. Let c(y) = x*i(y) - 7*b(y). Determine c(6).
15
Let y(s) = -15*s + 488 - 247 - 239. Determine y(1).
-13
Let m = 166 + -497/3. Let h(z) be the first derivative of -2*z - 3*z**2 + m*z**3 + 1. Determine h(5).
-7
Let t(i) = -i**3 + 29 + 94*i**2 + 2*i + 67*i**2 - 178*i**2. What is t(-17)?
-5
Suppose -5*s + 3 = -7. Let f(m) = s*m + 0*m + 0*m**3 - 3*m - 4 + m**3 - 2*m**2. Suppose 2*i + 9 = 5*i. Calculate f(i).
2
Let l(c) = c - 7*c - 22 + 12 - c**2 + 9 + 2*c**2. Give l(3).
-10
Let h be 1/(-9) + 11/(-495)*-230. Let q(l) = 0 + l**2 + 2 - 5 - 5*l. Give q(h).
-3
Let t = -14 + 20. Let s(m) be the first derivative of m**5/20 - m**4/2 + m**3/3 - 9*m**2/2 - 10*m + 17. Let d(b) be the first derivative of s(b). What is d(t)?
3
Let r = 145 - 146. Let t(o) = 4*o**3 + o - 10*o**3 - o**2 - 10*o**3 + 1. Determine t(r).
15
Let m(s) = -s - 1. Let j(a) = -1. Let g(p) = j(p) - m(p). Let f be (-4)/1*(-9)/12. Determine g(f).
3
Let b(p) = p**3 + 5*p**2 + p - 54. Let n(t) = t**3 + 6*t**2 + t - 56. Let i(f) = -7*b(f) + 6*n(f). What is i(0)?
42
Let b(a) = -2*a + 6. Let t(w) = w**3 - 5*w**2 + w - 5. Let l be t(5). Let j(d) = -d + 6. Let y be j(l). Give b(y).
-6
Let x(m) be the third derivative of -m**4/24 - 11*m**3/6 - 21*m**2. Suppose -h - 20 = -5*h. Suppose -4*w + 5*c - 5 = -3*w, -h*w - 4*c = 25. Calculate x(w).
-6
Let a(c) = -19*c + 15. Let i(o) = -3*o. Let x(z) = -a(z) + 6*i(z). Calculate x(6).
-9
Let p(x) = -7*x**3 + 11*x**2 - 6*x + 8. Let a(f) = 34 - 66 + f + 31 + f**3 - f**2. Let o(j) = -6*a(j) - p(j). Calculate o(5).
-2
Let d(c) = -14*c + 2. Suppose 102 - 106 = -2*z. Calculate d(z).
-26
Let p(z) = z**3 - z**2 + z - 15. Let r(h) = -12*h - 12. Let y be r(-1). What is p(y)?
-15
Suppose -3*a + 3*i = -9, 0*a = -a - i + 9. Let w(j) be the second derivative of j**3/6 - j**2 - 253*j. Determine w(a).
4
Let g(h) be the second derivative of 7*h**4/12 + h**3/6 - h**2/2 - 5*h. Suppose -i + 5 = -9. Let n = 15 - i. Determine g(n).
7
Suppose 4*l = 11 - 7. Let d(a) = 0*a - l + a + 9. Suppose -4*t - 36 = 4*s, 0*s - s = 5*t + 21. What is d(s)?
2
Suppose 5*q - 4*s = 68, -q - 2*s = s - 6. Suppose -3*d + 4*r + 13 = -q, -16 = 4*r. Let l(b) = -d*b**3 - 5*b + b**2 + 7*b + 3 + 2*b**3. Give l(3).
-9
Let k(q) = -q - 8. Let m be (50 + -39)*(-18)/33. Calculate k(m).
-2
Let m(x) be the third derivative of 0*x - 4*x**2 + 0 + 0*x**3 + 1/12*x**4. Determine m(2).
4
Let h(k) be the second derivative of -k**4/12 + 7*k**3/6 - 3*k**2 + 2*k. Let b(t) = t**2 - 5*t + 5. Let a be b(0). Determine h(a).
4
Let t(i) = -i - 3. Let g be 2025/297 + (-2)/(-11). Give t(g).
-10
Let r(m) = -5*m**2 + 15*m - 1. Let c(i) = -6*i**2 + 16*i - 2. Let s(j) = 6*c(j) - 7*r(j). Suppose 6*n - 7*n = 7. Calculate s(n).
9
Let q(u) = -u**3 - 5 + 7*u**2 - 17*u**3 + 20*u**3 - 3*u**3. Determine q(7).
-5
Let t(m) = -m**3 - m**2. Let w = -63 + 101. Let p = w - 40. What is t(p)?
4
Let v(k) be the first derivative of -26 - 1/2*k**2 + 3*k. Calculate v(4).
-1
Let l(m) = 0 - 1 - m + 11. Let i be l(9). Let a(b) = 9*b**2 - b + 0 - i - 4*b - b**3 - 2*b**2. Give a(6).
5
Let q(p) = p**3 + 13*p**2 - 93*p - 47. Let s be q(-18). Let x(n) = -n + 4. Calculate x(s).
-3
Let l(w) = -w - 6. Let f(s) = 3*s - 2*s + 19 - 13. Let q(k) = 3*f(k) + 4*l(k). What is q(-8)?
2
Let g = 819 + -823. Let p(w) = w**3 + 3*w**2 - 2*w + 5. Give p(g).
-3
Suppose 0 = r - 0 - 1. Let o(y) = -y**2 + y - 3. Let c(d) = -24*d**2 + 21*d - 63. Let f(v) = 3*c(v) - 63*o(v). What is f(r)?
-9
Let b be 3*((-1)/(-3))/1. Let k = 21 + -19. Let z(s) = -5 + 7*s**3 + 3 - s**2 + 1 + k. Calculate z(b).
7
Let l be (-240)/9*(-27)/(-12). Let q = 85 + l. Let f be (-20)/q*(0 - -10). Let r(i) = i + 16. What is r(f)?
8
Let o(c) be the second derivative of -c**3/3 + 15*c**2/2 - 10*c + 27. What is o(11)?
-7
Let g(t) = 3*t - 12. Let b be g(3). Let a(v) be the second derivative of 1/6*v**3 + v**2 - 1/20*v**5 - 1/3*v**4 + 0 + 6*v. Determine a(b).
-10
Suppose -3*b - 3 = -4*b. Let r(o) = 5*o**2 + o + 14. Let m(y) = -4*y**2 - y - 12. Let f(w) = 6*m(w) + 5*r(w). What is